(-6)/9)/(-1))/2.
48
Let n(u) = 9*u - 9. Let s = -6836 + 6844. Calculate the remainder when n(7) is divided by s.
6
Let w(r) = 3*r**2 - 5*r + 2. Let c = -66879 + 67082. What is the remainder when c is divided by w(5)?
47
Let v = 2581 + -2533. What is the remainder when 716 is divided by v?
44
Suppose 518*n - 519*n + 3517 = 0. Calculate the remainder when n is divided by 69.
67
Let p(n) = -66*n - 9796. Calculate the remainder when 194 is divided by p(-150).
90
Let f = -1764 + 1795. Calculate the remainder when f is divided by (260/(-6))/(-5) - 2/(-6).
4
Suppose 0 = 2*q + 3 - 1, 0 = -3*k - 4*q + 3227. Suppose 3*t - 1446 = j - 1477, 78 = 3*j - 4*t. What is the remainder when k is divided by j?
21
Suppose -12 = 87*p - 93*p. Suppose a = 5*s + 20, 5*a + 6 = p*s + 106. Calculate the remainder when a is divided by 8 + (-2)/(4/2).
6
Suppose 147*h + 155*h = 335*h - 5445. Calculate the remainder when 904 is divided by h.
79
Let a(x) = -x**2 + 25*x - 17. Let d be a(23). Suppose -3*c + 67 = -d. Let k(q) = q**2 - 4*q - 16. What is the remainder when c is divided by k(-3)?
2
Let t = -372 - -430. Let m = -52 + t. Calculate the remainder when 28 is divided by m.
4
Suppose -3*q + 501 = 551*y - 550*y, 0 = -4*q + y + 668. What is the remainder when 15696 is divided by q?
165
Suppose -2*r = 10, 5*w = 3*r + 272 + 288. What is the remainder when w is divided by (-5 - (-894)/60) + 7 + 552/(-80)?
9
Let p(h) = -160*h - 1242. Calculate the remainder when p(-18) is divided by 40.
38
Suppose -12*l + 9*l = 3*k - 213, -4*k + 3*l = -228. What is the remainder when 5606 is divided by k?
62
Suppose 0 = -0*h + 2*h - 42. Suppose 204 = 4*b - 4*j, b - 72 = 28*j - 30*j. What is the remainder when b is divided by h?
16
Suppose -8*v + 46748 + 9820 = 0. Calculate the remainder when v is divided by 104.
103
Let s = -6460 - -6570. What is the remainder when 563 is divided by s?
13
Let f = -31 + 43. Let l = f - -10. Suppose 0 = -h + m + 40, -4*m - 8 = -20. What is the remainder when h is divided by l?
21
Let m(g) = 15*g - 47. Let o be m(5). What is the remainder when 81 is divided by -2 - -1 - (-7)/(o/120)?
23
Let f = -259 + 253. Suppose 0 = 5*s - 2*r + 3*r - 640, -264 = -2*s - 2*r. Calculate the remainder when s is divided by f/(-4)*68/(-51) + 35.
28
Suppose -3 = -d, 3*s - 5*d = 5*s - 265. Let q = -75 + s. Calculate the remainder when q is divided by 19.
12
Let r(d) = 52*d + 150. Let x be r(-12). Let o = -39 - x. Calculate the remainder when o is divided by 44.
39
Let r(o) = o**2 - 2*o - 13. Let k be ((2 - -16) + -2)/(1 + 0). Suppose -k - 20 = -6*s. What is the remainder when 52 is divided by r(s)?
8
Let g(r) = 86*r**2 - 4*r + 12. Let l be g(2). Let c = l + -189. Calculate the remainder when c is divided by 40.
39
Let d(s) = 27*s + 2. Let k be d(7). Let f = 224 - k. What is the remainder when 164 is divided by f?
32
Let w = -19514 - -19683. Calculate the remainder when 15545 is divided by w.
166
Suppose 0 = -8*h + 308 + 4. Let a = -13 + 38. Calculate the remainder when h is divided by a.
14
Suppose 0 = -5*a - 4*b - 7, b + 3 = 5. What is the remainder when (14/4)/(a - (-77)/22) is divided by 5?
2
What is the remainder when 675 is divided by (-7)/(-28)*(65 - -3) + -4?
12
Suppose 103 + 75 = l. Calculate the remainder when l is divided by ((-2667)/210)/((-1)/2) - 60/(-100).
22
Suppose 23*d - 352 = 19*d. Calculate the remainder when d is divided by 40.
8
Suppose -6*p = -p + 10, 3*p + 6 = -5*t. Suppose -17*h + 5*h - 4272 = t. Calculate the remainder when 2/(h/(-177) + -2) is divided by 20.
17
Calculate the remainder when 1128 is divided by -5 + 1 - (0 - 33).
26
Let v(d) = -2*d**3 - d**2 - 2*d - 1. Let m be ((-1384)/3)/((-65)/(-15) + -5). Let s = 734 - m. Calculate the remainder when s is divided by v(-2).
12
Let r(g) = -43*g + 263. Let a be r(6). Suppose -a*s + 13 = -42. Calculate the remainder when 161 is divided by s.
7
Let i be (-79)/(-9) + 4/18. Let d = 1013 - 798. Suppose i*j - 199 = d. Calculate the remainder when j is divided by 12.
10
Suppose -z - 5*z + 222 = 0. Let b = -9 - -45. What is the remainder when b is divided by ((-4)/(-6) - -1)/(z/222)?
6
Suppose 11*t + 852 = 23*t + 59*t. What is the remainder when 320 is divided by t?
8
Let n be (-14)/21 + (-93)/9. What is the remainder when 560 is divided by (-36)/132 + (-1037)/n?
90
Let f(h) = -h + 4. Let x be f(-4). Let z(m) be the first derivative of -m**4/4 + 8*m**3/3 + 25*m + 416. What is the remainder when 149 is divided by z(x)?
24
What is the remainder when 7487 is divided by ((-49)/2)/(1526/(-872))?
11
Let h(y) = 191*y**3 + y**2 - 2*y + 1. Calculate the remainder when h(1) is divided by 0 + 6/(-15) + (-124)/(-10).
11
Let s(i) = 112*i - 4296. What is the remainder when s(61) is divided by 54?
52
Suppose 0 = -8*c - 0*c + 424. Let q be (76/95)/((-2)/(-15)). What is the remainder when c is divided by (-2)/(-1)*(q - -8)?
25
Let v(u) = -286*u - 1189. What is the remainder when v(-16) is divided by 1129?
0
What is the remainder when 33/22*382/(-6)*-2 is divided by (-642)/(-10) - (-6)/(-120)*4?
63
Let k = 39771 + -37757. What is the remainder when k is divided by 32?
30
Suppose -21*b + 6391 = -7*b - 10773. What is the remainder when b is divided by 14?
8
Let s be 24/8 + (-345)/(-3 - 0). Suppose -q + 5*b = -s, -3*q + 378 = 13*b - 16*b. Calculate the remainder when q is divided by 13.
11
Let l = -559 - -561. Suppose 0 = -3*h + 2*h + l*o + 27, -h + 17 = 3*o. What is the remainder when 551 is divided by h?
22
Suppose 0 = -13*h + 5*u + 55836, -21 + 1 = -4*u. Calculate the remainder when h is divided by 205.
197
Let t(k) = k**2 + 14*k + 67. Suppose 3*c - 4*r = 6 - 11, 3*r + 12 = 0. What is the remainder when 26 is divided by t(c)?
8
Suppose -44*i + 1400 = 12*i. Let v(u) = -u**3 - 2*u**2 - 4*u + 1. Calculate the remainder when v(-4) is divided by i.
24
Suppose -96 - 29 = -n. Let k(l) = 555*l - 8293. Calculate the remainder when n is divided by k(15).
29
Let c(q) = -4*q**2 - 391*q + 671. Let h = 50 + -20. What is the remainder when c(-99) is divided by h?
26
Let i(q) = -q**2 - 28*q - 21. Let t = -51 - -24. Calculate the remainder when 19 is divided by i(t).
1
Let t(v) = -119*v - 4. Let r be t(2). Let a = 115 - r. Let w = 515 - a. What is the remainder when w is divided by 32?
30
Suppose -4*c = 5*d - 634, -4*d - 6 - 2 = 0. Calculate the remainder when 913 is divided by c.
108
Let i = 562 - 550. Suppose o - 381 = -2*o. Suppose o = 5*x - 2*q - 83, -3*x = -2*q - 126. Calculate the remainder when x is divided by i.
6
Suppose 0 = -6*x + 3 + 15. Let r be 40/x*(156/30 - -2). Suppose 0 = 10*s - 12*s + r. Calculate the remainder when s is divided by 13.
9
Suppose -8 = -4*i + 4*h, 4*i + 0*h - 2*h - 18 = 0. Suppose 0 = -i*b + 405 + 71. What is the remainder when b is divided by 25?
18
Let l = -92 + 202. Let v = 118 - l. Let k = 48 - -14. What is the remainder when k is divided by v?
6
Suppose -804 = -3*n + 3*g, 3*n + 1102*g - 805 = 1104*g. What is the remainder when 938 is divided by n?
131
Suppose 6*b - 118 = 128. Suppose 3*x = -q + b, 5*q = q + x + 216. What is the remainder when q is divided by 22?
9
Let l(f) = 6*f**2 - 21*f + 386. What is the remainder when l(16) is divided by 106?
102
Let d = 0 - 0. Suppose 4*o + 0*o + 2*f - 14 = d, -7 = -o - 4*f. Suppose 0 = r + 3*r + 16, -o*r = -g + 23. Calculate the remainder when 13 is divided by g.
2
Suppose 0 = 333*l - 365*l + 1600. Calculate the remainder when 391 is divided by l.
41
Suppose -42*p = -37*p - 90. Let d = -84 + 164. Let m = -47 + d. What is the remainder when m is divided by p?
15
Let c(o) = -18*o**3 - 10*o**2 - 14*o - 5. What is the remainder when 115 is divided by c(-1)?
13
Let v(t) = t**3 + 2*t**2 + 6*t + 7. Let p be v(-3). What is the remainder when 44 is divided by (-64)/(-22) - 13/(-143) - p?
21
Let r(p) = -p**3 - 12*p**2 + 23. Suppose -h = 4*h + 60. What is the remainder when 59 is divided by r(h)?
13
Let q(j) = -j - 9198 + 9294 + 10*j. What is the remainder when 115 is divided by q(-9)?
10
Suppose 397*j = 76*j + 6099. What is the remainder when 1486 is divided by j?
4
Let p = 10663 - 10260. Calculate the remainder when p is divided by 56.
11
Let u = -6105 - -6156. What is the remainder when 199 is divided by u?
46
Suppose -5*l = r - 4592, -134*r = 5*l - 139*r - 4640. Calculate the remai